{"id":34,"date":"2025-09-13T16:35:30","date_gmt":"2025-09-13T16:35:30","guid":{"rendered":"https:\/\/www.all4cargo.cz\/?page_id=34"},"modified":"2025-10-06T13:16:40","modified_gmt":"2025-10-06T13:16:40","slug":"faq","status":"publish","type":"page","link":"https:\/\/www.all4cargo.cz\/?page_id=34","title":{"rendered":"FAQ"},"content":{"rendered":"\t\t<div data-elementor-type=\"wp-page\" data-elementor-id=\"34\" class=\"elementor elementor-34\">\n\t\t\t\t<div class=\"elementor-element elementor-element-4b16e5f6 e-flex e-con-boxed e-con e-parent\" data-id=\"4b16e5f6\" data-element_type=\"container\">\n\t\t\t\t\t<div class=\"e-con-inner\">\n\t\t\t\t<div class=\"elementor-element elementor-element-6307cf8 elementor-widget elementor-widget-text-editor\" data-id=\"6307cf8\" data-element_type=\"widget\" data-widget_type=\"text-editor.default\">\n\t\t\t\t\t\t\t\t\t\n<h4><strong>M\u016f\u017eete mi zajistit autodopravu i mimo \u010cesko?<\/strong><\/h4>\n\n<p>Ano. Spole\u010dnosti p\u0159iprav\u00edme nejen v \u010cR, ale i na Slovensku a v Polsku.<\/p>\n\n<h4><strong>Pom\u016f\u017eete mi i s n\u00e1kupem vozidla?<\/strong><\/h4>\n\n<p>Ano. Zprost\u0159edkujeme koupi \u010di financov\u00e1n\u00ed vozidel a vy\u0159\u00edd\u00edme i pot\u0159ebn\u00e1 poji\u0161t\u011bn\u00ed.<\/p>\n\n<h4><strong>Jak dlouho trv\u00e1 zalo\u017een\u00ed nov\u00e9 spole\u010dnosti?<\/strong><\/h4>\n\n<p>Obvykle 1\u20132 m\u011bs\u00edce v z\u00e1vislosti na po\u017eadavc\u00edch \u00fa\u0159ad\u016f. Ready-made \u0159e\u0161en\u00ed je dostupn\u00e9 prakticky okam\u017eit\u011b.<\/p>\n\n<h4><strong>Zajist\u00edte mi garanta &#8211; odpov\u011bdn\u00e9ho z\u00e1stupce ?<\/strong><\/h4>\n\n<p>Jsme V\u00e1m schopni zajistit odpov\u011bdn\u00e9ho z\u00e1stupce &#8211; garanta a to jak pro osobn\u00ed dopravu (autobusovou), tak i pro n\u00e1kladn\u00ed dopravu (a\u0165 do 3,5t tak i nad 3,5t). Za zaji\u0161t\u011bn\u00ed odpov\u011bdn\u00e9ho z\u00e1stupce si \u00fa\u010dtujeme jednor\u00e1zov\u00fd poplatek 7500,- K\u010d + DPH.<\/p>\n\n<h4><strong>Vy\u0159\u00edd\u00edte mi finan\u010dn\u00ed zp\u016fsobilosti dopravce ?<\/strong><\/h4>\n\n<p>Ano, osv\u011bd\u010den\u00ed o finan\u010dn\u00ed zp\u016fsobilosti dopravce V\u00e1m zajist\u00edme. Osv\u011bd\u010den\u00ed je pot\u0159eba vy\u0159izovat opakovan\u011b, plat\u00ed jeden rok. Pro rok 2025 \u010din\u00ed minim\u00e1ln\u00ed finan\u010dn\u00ed zp\u016fsobilost dopravce 227 448 K\u010d pro prvn\u00ed vozidlo a 126 360 K\u010d pro ka\u017ed\u00e9 dal\u0161\u00ed vozidlo s povolenou hmotnost\u00ed nad 3,5 tuny. U vozidel o hmotnosti mezi 2,5 tuny a 3,5 tuny pou\u017e\u00edvan\u00fdch v mezin\u00e1rodn\u00ed doprav\u011b je to 45 489,6 K\u010d pro prvn\u00ed a 22 744,80 K\u010d pro ka\u017ed\u00e9 dal\u0161\u00ed vozidlo. Finan\u010dn\u00ed zp\u016fsobilost lze prok\u00e1zat nap\u0159\u00edklad \u00fa\u010detn\u00ed z\u00e1v\u011brkou, da\u0148ovou evidenc\u00ed nebo pojistnou smlouvou &#8211; poji\u0161t\u011bn\u00ed finan\u010dn\u00ed zp\u016fsobilosti dopravce.<\/p>\n\n<p>\u00a0<\/p>\n\t\t\t\t\t\t\t\t<\/div>\n\t\t\t\t\t<\/div>\n\t\t\t\t<\/div>\n\t\t\t\t<\/div>\n\t\t","protected":false},"excerpt":{"rendered":"<p>M\u016f\u017eete mi zajistit autodopravu i mimo \u010cesko? Ano. Spole\u010dnosti p\u0159iprav\u00edme nejen v \u010cR, ale i na Slovensku a v Polsku. Pom\u016f\u017eete mi i s n\u00e1kupem vozidla? Ano. Zprost\u0159edkujeme koupi \u010di financov\u00e1n\u00ed vozidel a vy\u0159\u00edd\u00edme i pot\u0159ebn\u00e1 poji\u0161t\u011bn\u00ed. Jak dlouho trv\u00e1 zalo\u017een\u00ed nov\u00e9 spole\u010dnosti? Obvykle 1\u20132 m\u011bs\u00edce v z\u00e1vislosti na po\u017eadavc\u00edch \u00fa\u0159ad\u016f. Ready-made \u0159e\u0161en\u00ed je dostupn\u00e9 [&hellip;]<\/p>\n","protected":false},"author":1,"featured_media":0,"parent":0,"menu_order":0,"comment_status":"closed","ping_status":"closed","template":"","meta":{"footnotes":""},"class_list":["post-34","page","type-page","status-publish","hentry"],"_links":{"self":[{"href":"https:\/\/www.all4cargo.cz\/index.php?rest_route=\/wp\/v2\/pages\/34","targetHints":{"allow":["GET"]}}],"collection":[{"href":"https:\/\/www.all4cargo.cz\/index.php?rest_route=\/wp\/v2\/pages"}],"about":[{"href":"https:\/\/www.all4cargo.cz\/index.php?rest_route=\/wp\/v2\/types\/page"}],"author":[{"embeddable":true,"href":"https:\/\/www.all4cargo.cz\/index.php?rest_route=\/wp\/v2\/users\/1"}],"replies":[{"embeddable":true,"href":"https:\/\/www.all4cargo.cz\/index.php?rest_route=%2Fwp%2Fv2%2Fcomments&post=34"}],"version-history":[{"count":5,"href":"https:\/\/www.all4cargo.cz\/index.php?rest_route=\/wp\/v2\/pages\/34\/revisions"}],"predecessor-version":[{"id":133,"href":"https:\/\/www.all4cargo.cz\/index.php?rest_route=\/wp\/v2\/pages\/34\/revisions\/133"}],"wp:attachment":[{"href":"https:\/\/www.all4cargo.cz\/index.php?rest_route=%2Fwp%2Fv2%2Fmedia&parent=34"}],"curies":[{"name":"wp","href":"https:\/\/api.w.org\/{rel}","templated":true}]}}